{"id":6,"date":"2014-06-10T09:03:52","date_gmt":"2014-06-10T08:03:52","guid":{"rendered":"http:\/\/www.alaintouboulvoiceschool.com\/?page_id=6"},"modified":"2024-04-17T13:15:57","modified_gmt":"2024-04-17T12:15:57","slug":"projet-vocal","status":"publish","type":"page","link":"http:\/\/www.alaintouboulvoiceschool.com\/?page_id=6","title":{"rendered":"Projet vocal et musical"},"content":{"rendered":"<p>&nbsp;<\/p>\n<p><a href=\"http:\/\/www.alaintouboulvoiceschool.com\/wp-content\/uploads\/2014\/06\/DSC_01381.jpg\"><img loading=\"lazy\" decoding=\"async\" class=\"alignleft wp-image-135\" src=\"http:\/\/www.alaintouboulvoiceschool.com\/wp-content\/uploads\/2014\/06\/DSC_01381-199x300.jpg\" alt=\"DSC_0138(1)\" width=\"232\" height=\"350\" srcset=\"http:\/\/www.alaintouboulvoiceschool.com\/wp-content\/uploads\/2014\/06\/DSC_01381-199x300.jpg 199w, http:\/\/www.alaintouboulvoiceschool.com\/wp-content\/uploads\/2014\/06\/DSC_01381-680x1024.jpg 680w, http:\/\/www.alaintouboulvoiceschool.com\/wp-content\/uploads\/2014\/06\/DSC_01381-624x939.jpg 624w\" sizes=\"auto, (max-width: 232px) 100vw, 232px\" \/><\/a>L&rsquo; ATVS vous propose d&rsquo; apprendre \u00e0 chanter les diff\u00e9rents r\u00e9pertoires en suivant un enseignement qui comprend l&rsquo; \u00e9tude de la musique et la pratique de la technique vocale classique avec la mise en place :<\/p>\n<ul>\n<li>d&rsquo;un travail corporel pr\u00e9parant \u00e0 l&rsquo; activit\u00e9 vocale ;<\/li>\n<li>d&rsquo;une bonne posture pour chanter ;<\/li>\n<li>des exercices pour apprendre \u00e0 respirer correctement, contr\u00f4ler et bien g\u00e9rer son\u00a0 souffle pendant l&rsquo; \u00e9mission vocale afin d&rsquo; obtenir une respiration qui permet de bien chanter ;<\/li>\n<li>des exercices afin de trouver la place pour la formation et l&rsquo; homog\u00e9n\u00e9isation des voyelles et la formation des consonnes.<\/li>\n<li>des exercices pour ouvrir et placer la voix.<\/li>\n<\/ul>\n<p>&nbsp;<\/p>\n<p>&nbsp;<\/p>\n<p>&nbsp;<\/p>\n<p><strong>Observations :<\/strong><\/p>\n<ul>\n<li>En utilisant la technique vocale classique et en \u00e9tudiant la musique on chante de nombreux r\u00e9pertoires qui vont de la musique ancienne \u00e0 la musique contemporaine, dans des salles sans micro et sans amplification, gr\u00e2ce \u00e0 sa seule technique <img loading=\"lazy\" decoding=\"async\" class=\"alignright  wp-image-118\" src=\"http:\/\/www.alaintouboulvoiceschool.com\/wp-content\/uploads\/2014\/07\/DSC_0056-300x199.jpg\" alt=\"DSC_0056\" width=\"280\" height=\"186\" srcset=\"http:\/\/www.alaintouboulvoiceschool.com\/wp-content\/uploads\/2014\/07\/DSC_0056-300x199.jpg 300w, http:\/\/www.alaintouboulvoiceschool.com\/wp-content\/uploads\/2014\/07\/DSC_0056-1024x680.jpg 1024w, http:\/\/www.alaintouboulvoiceschool.com\/wp-content\/uploads\/2014\/07\/DSC_0056-624x414.jpg 624w\" sizes=\"auto, (max-width: 280px) 100vw, 280px\" \/>vocale.<\/li>\n<li>Dans ce contexte l&#8217;emploi de la technique vocale classique est fondamentale mais elle produit \u00e9galement\u00a0un type de voix, avec une sonorit\u00e9 particuli\u00e8re qui ne correspond pas \u00e0 tous les genres musicaux.<\/li>\n<\/ul>\n<p><strong>Constatations :<\/strong><\/p>\n<ul>\n<li>Cette technique vocale ne permet pas de produire la sonorit\u00e9 qui correspond \u00e0 tous\u00a0\u00a0 les types de musiques chant\u00e9es.<\/li>\n<li>Et on ne peut pas chanter les oeuvres de divers genres musicaux et styles vocaux avec le m\u00eame\u00a0 type de voix. Sinon on interpr\u00e8te les divers r\u00e9pertoires pareillement.<\/li>\n<li>Enfin\u00a0 ce n&rsquo; est pas \u00e0 la musique d&rsquo; \u00eatre au service de la technique vocale.<\/li>\n<li>Finalement la technique vocale \u00e9volue et s&rsquo; adapte \u00e0 l&rsquo; \u00e9criture et \u00e0 la structure musicale ainsi qu&rsquo; au style de chaque oeuvre chant\u00e9e.<\/li>\n<li>Donc \u00e0 chaque oeuvre chant\u00e9e correspond pratiquement une technique vocale appropri\u00e9e.<\/li>\n<li>C&rsquo;est donc le r\u00e9sultat de l&rsquo; adaptation correcte de la technique vocale \u00e0 la musique qui permet en d\u00e9finitif d&rsquo; obtenir le son correspondant \u00e0 la musique chant\u00e9e en question.<\/li>\n<\/ul>\n<p><strong>TECHNIQUE VOCALE MOBILE ( TVM)<\/strong><br \/>L&rsquo;objectif d&rsquo; Alain Touboul est de permettre \u00e0 ses \u00e9l\u00e8ves de chanter avec des voix dont les sonorit\u00e9s s&rsquo; adaptent aussi aux genres musicaux et aux lieux les plus vari\u00e9s.<br \/>Pour atteindre ce but il met en place dans son enseignement du chant la TECHNIQUE VOCALE MOBILE (TVM)<\/p>\n<p style=\"text-align: left;\"><strong>Pratique de la TECHNIQUE VOCALE MOBILE (TVM) :<\/strong><\/p>\n<p style=\"text-align: left;\">Dans un premier temps on \u00e9tudie la technique vocale du chant classique afin d&rsquo; acqu\u00e9rir une voix \u00e9tendue, facile, ample et homog\u00e8ne .<br \/>Dans un deuxi\u00e8me temps on modifie cette technique vocale pour obtenir une voix avec un son toujours assortit \u00e0 l&rsquo; oeuvre du genre musical chant\u00e9. On r\u00e9alise cela au moyen d&rsquo; exercices de technique que l&rsquo; on cr\u00e9e sur mesure suivant l&rsquo; \u00e9criture, la structure musicale de l&rsquo; oeuvre donn\u00e9e et du contexte dans le quel elle est produite.<br \/>La technique vocale de chant classique ainsi modifi\u00e9e devient la TECHNIQUE VOCALE MOBILE \u00a0(TVM). La TVM sert \u00e0 produire le \u00a0bon son qui correspond \u00e0 l&rsquo; oeuvre du genre musical chant\u00e9 dans un certain type de lieu.<br \/>La pratique de la TVM permet :<\/p>\n<ul>\n<li>Aux chanteurs de musique classique de modifier leur technique vocale de base en l&rsquo;adaptant \u00e0 d&rsquo; autres styles de musiques plus actuelles, afin de trouver la voix dont la sonorit\u00e9 correspond au genre musical \u00e0 interpr\u00e9ter. Cela permet aussi \u00e0 ces personnes, de chanter mieux un plus grand nombre de r\u00e9pertoires de musique classique d&rsquo; \u00e9poques diverses.<\/li>\n<\/ul>\n<ul>\n<li>Aux chanteurs interpr\u00e9tant divers genres musicaux, hormis le classique, de d\u00e9velopper leur potentiel vocal et musical pour obtenir une voix plus ouverte, \u00e9tendue,juste, ample et homog\u00e8ne, donc plus libre. Au moyen de la TVM ils augmentent leurs capacit\u00e9s d&rsquo; interpr\u00e8tation vocale et musicale dans leurs r\u00e9pertoires de chant de fa\u00e7on significative et ils peuvent r\u00e9ellement s&rsquo; exprimer artistiquement avec\u00a0 des voix dont les sonorit\u00e9s sont \u00e9galement accord\u00e9es aux oeuvres qu&rsquo; ils chantent. La TVM leur permet aussi d&rsquo; avoir acc\u00e8s au r\u00e9pertoire de la musique classique.<\/li>\n<\/ul>\n<p style=\"text-align: left;\"><strong>Conclusions<\/strong><\/p>\n<ul>\n<li>Gr\u00e2ce \u00e0 la TECHNIQUE VOCALE MOBILE ( TVM ) la voix\u00a0 produit le son\u00a0\u00a0 qui correspond au style vocal, \u00e0 l&rsquo; \u00e9criture et \u00e0 la structure musicale de chaque oeuvre chant\u00e9e dans un lieu donn\u00e9.<\/li>\n<li>Comme il \u00e9tait n\u00e9cessaire de nommer ce ph\u00e9nom\u00e8ne d&rsquo; une technique \u00e9voluant au gr\u00e9 des situations musicales , Alain Touboul a choisi le terme qui lui semblait le plus appropri\u00e9 de TECHNIQUE VOCALE MOBILE \u00a0(TVM) pour donner un nom \u00e0 ce processus et \u00e0 ce travail vocal et musical.<\/li>\n<li>Cette formation vocale et musicale est novatrice dans le sens o\u00f9, en partant de son projet artistisque: From Song To Opera, une voix des voix, de la Chanson \u00e0 l&rsquo;Op\u00e9ra, qu&rsquo; il met en place au moyen de la TECHNIQUE VOCALE MOBILE \u00a0( TVM), Alain Touboul \u00e9tablit une v\u00e9ritable passerelle entre les diff\u00e9rentes techniques vocales et les divers genres musicaux.<\/li>\n<\/ul>\n<p><a href=\"http:\/\/www.alaintouboulvoiceschool.com\/wp-content\/uploads\/2014\/06\/DSC_00071.jpg\"><img loading=\"lazy\" decoding=\"async\" class=\"alignleft wp-image-134 size-medium\" src=\"http:\/\/www.alaintouboulvoiceschool.com\/wp-content\/uploads\/2014\/06\/DSC_00071-199x300.jpg\" alt=\"DSC_0007(1)\" width=\"199\" height=\"300\" srcset=\"http:\/\/www.alaintouboulvoiceschool.com\/wp-content\/uploads\/2014\/06\/DSC_00071-199x300.jpg 199w, http:\/\/www.alaintouboulvoiceschool.com\/wp-content\/uploads\/2014\/06\/DSC_00071-680x1024.jpg 680w, http:\/\/www.alaintouboulvoiceschool.com\/wp-content\/uploads\/2014\/06\/DSC_00071-624x939.jpg 624w\" sizes=\"auto, (max-width: 199px) 100vw, 199px\" \/><\/a><\/p>\n<p>&nbsp;<\/p>\n<p>L&rsquo; ATVS propose une formation musicale permettant d&rsquo;aborder les diff\u00e9rents styles vocaux.<br \/>Alain Touboul encourage ses \u00e9l\u00e8ves \u00e0 se constituer des r\u00e9pertoires. Du cours de chant \u00e0 la sc\u00e8ne il assure la direction musicale de leurs diff\u00e9rents projets artistiques.<br \/>Parmi les personnes qui \u00e9tudient ou ont \u00e9tudi\u00e9 au sein de l&rsquo;ATVS, certaines sont laur\u00e9ates de concours de chant ou professeurs de chant, de th\u00e9\u00e2tre, de danse, de mime, de yoga, d&rsquo; autres encore pratiquent l&rsquo;art-th\u00e9rapie, le coaching vocal, l&rsquo;\u00e9veil musical. Enfin de nombreux chanteurs enregistrent des CD pendant leurs \u00e9tudes \u00e0 l&rsquo;ATVS.<\/p>\n<p>&nbsp;<\/p>\n<p>&nbsp;<\/p>\n<p>&nbsp;<\/p>\n<p><strong>L&rsquo;ATVS d\u00e9veloppe en France et \u00e0 l&rsquo; \u00e9tranger :<\/strong><br \/>L&rsquo;\u00e9ducation musicale et vocale.<br \/>La promotion artistique.<\/p>\n<p>Aujoud&rsquo;hui l&rsquo;ATVS, est plac\u00e9e sous l&rsquo; \u00e9gide d&rsquo;ABC d&rsquo;airs et du Cercle Musical Europ\u00e9en.<br \/><em>*\u00a0ABC d&rsquo;airs est le centre de formation vocale dans lequel est dispens\u00e9 l&rsquo;enseignement du chant d&rsquo;Alain Touboul. Cette structure accueille des \u00e9tudiants de tous niveaux, chanteurs, musiciens, acteurs, artistes du spectacle vivant et aussi des intervenants d&rsquo;horizons divers (enseignants, professions lib\u00e9rales, particuliers utilisant la parole ou le chant). www.abcdairs.com<\/em><\/p>\n<p>* <em>Le Cercle Musical Europ\u00e9en s&rsquo; efforce d&rsquo; assurer :<\/em><br \/><em>&#8211; La promotion du centre de formation vocale ABC d&rsquo;airs. Site web : abcdairs.com<\/em><br \/><em>&#8211; L&rsquo;organisation des concerts des \u00e9tudiants-artistes-chanteurs d&rsquo; ABC d&rsquo;airs.<\/em><br \/><em>&#8211; La mise en place de projets artistiques.<\/em><\/p>\n<p>&nbsp;<\/p>\n\n\n<p><\/p>\n","protected":false},"excerpt":{"rendered":"<p>&nbsp; L&rsquo; ATVS vous propose d&rsquo; apprendre \u00e0 chanter les diff\u00e9rents r\u00e9pertoires en suivant un enseignement qui comprend l&rsquo; \u00e9tude de la musique et la pratique de la technique vocale classique avec la mise en place : d&rsquo;un travail corporel pr\u00e9parant \u00e0 l&rsquo; activit\u00e9 vocale ; d&rsquo;une bonne posture pour chanter ; des exercices pour [&hellip;]<\/p>\n","protected":false},"author":1,"featured_media":0,"parent":0,"menu_order":0,"comment_status":"closed","ping_status":"open","template":"page-templates\/full-width.php","meta":{"footnotes":""},"class_list":["post-6","page","type-page","status-publish","hentry"],"_links":{"self":[{"href":"http:\/\/www.alaintouboulvoiceschool.com\/index.php?rest_route=\/wp\/v2\/pages\/6","targetHints":{"allow":["GET"]}}],"collection":[{"href":"http:\/\/www.alaintouboulvoiceschool.com\/index.php?rest_route=\/wp\/v2\/pages"}],"about":[{"href":"http:\/\/www.alaintouboulvoiceschool.com\/index.php?rest_route=\/wp\/v2\/types\/page"}],"author":[{"embeddable":true,"href":"http:\/\/www.alaintouboulvoiceschool.com\/index.php?rest_route=\/wp\/v2\/users\/1"}],"replies":[{"embeddable":true,"href":"http:\/\/www.alaintouboulvoiceschool.com\/index.php?rest_route=%2Fwp%2Fv2%2Fcomments&post=6"}],"version-history":[{"count":49,"href":"http:\/\/www.alaintouboulvoiceschool.com\/index.php?rest_route=\/wp\/v2\/pages\/6\/revisions"}],"predecessor-version":[{"id":249,"href":"http:\/\/www.alaintouboulvoiceschool.com\/index.php?rest_route=\/wp\/v2\/pages\/6\/revisions\/249"}],"wp:attachment":[{"href":"http:\/\/www.alaintouboulvoiceschool.com\/index.php?rest_route=%2Fwp%2Fv2%2Fmedia&parent=6"}],"curies":[{"name":"wp","href":"https:\/\/api.w.org\/{rel}","templated":true}]}}